{"id":16,"date":"2013-08-27T08:07:29","date_gmt":"2013-08-27T06:07:29","guid":{"rendered":"http:\/\/www.wp11277739.server-he.de\/files\/?page_id=16"},"modified":"2014-12-04T15:26:26","modified_gmt":"2014-12-04T13:26:26","slug":"kulturverein-wunderlich","status":"publish","type":"page","link":"https:\/\/www.woassteh.com\/files\/kulturverein-wunderlich\/","title":{"rendered":"Kulinarium"},"content":{"rendered":"\n\t\t<div id='gallery-1' class='gallery galleryid-16 gallery-columns-4 gallery-size-thumbnail gallery-link-file'><figure class='gallery-item'>\n\t\t\t<span class='gallery-icon'>\n\t\t\t\t<a rel='attachment' href='https:\/\/www.woassteh.com\/files\/wp-content\/uploads\/2013\/08\/wurst-kasteller.jpg'><img loading=\"lazy\" decoding=\"async\" width=\"150\" height=\"150\" src=\"https:\/\/www.woassteh.com\/files\/wp-content\/uploads\/2013\/08\/wurst-kasteller-150x150.jpg\" class=\"attachment-thumbnail size-thumbnail\" alt=\"\" srcset=\"https:\/\/www.woassteh.com\/files\/wp-content\/uploads\/2013\/08\/wurst-kasteller-150x150.jpg 150w, https:\/\/www.woassteh.com\/files\/wp-content\/uploads\/2013\/08\/wurst-kasteller-432x432.jpg 432w, https:\/\/www.woassteh.com\/files\/wp-content\/uploads\/2013\/08\/wurst-kasteller-268x268.jpg 268w\" sizes=\"auto, (max-width: 150px) 100vw, 150px\" \/><\/a>\n\t\t\t<\/span><\/figure><figure class='gallery-item'>\n\t\t\t<span class='gallery-icon'>\n\t\t\t\t<a rel='attachment' href='https:\/\/www.woassteh.com\/files\/wp-content\/uploads\/2013\/08\/fischteller.jpg'><img loading=\"lazy\" decoding=\"async\" width=\"150\" height=\"150\" src=\"https:\/\/www.woassteh.com\/files\/wp-content\/uploads\/2013\/08\/fischteller-150x150.jpg\" class=\"attachment-thumbnail size-thumbnail\" alt=\"\" srcset=\"https:\/\/www.woassteh.com\/files\/wp-content\/uploads\/2013\/08\/fischteller-150x150.jpg 150w, https:\/\/www.woassteh.com\/files\/wp-content\/uploads\/2013\/08\/fischteller-432x432.jpg 432w, https:\/\/www.woassteh.com\/files\/wp-content\/uploads\/2013\/08\/fischteller-268x268.jpg 268w\" sizes=\"auto, (max-width: 150px) 100vw, 150px\" \/><\/a>\n\t\t\t<\/span><\/figure><figure class='gallery-item'>\n\t\t\t<span class='gallery-icon'>\n\t\t\t\t<a rel='attachment' href='https:\/\/www.woassteh.com\/files\/wp-content\/uploads\/2013\/08\/wein.jpg'><img loading=\"lazy\" decoding=\"async\" width=\"150\" height=\"150\" src=\"https:\/\/www.woassteh.com\/files\/wp-content\/uploads\/2013\/08\/wein-150x150.jpg\" class=\"attachment-thumbnail size-thumbnail\" alt=\"\" srcset=\"https:\/\/www.woassteh.com\/files\/wp-content\/uploads\/2013\/08\/wein-150x150.jpg 150w, https:\/\/www.woassteh.com\/files\/wp-content\/uploads\/2013\/08\/wein-432x432.jpg 432w, https:\/\/www.woassteh.com\/files\/wp-content\/uploads\/2013\/08\/wein-268x268.jpg 268w\" sizes=\"auto, (max-width: 150px) 100vw, 150px\" \/><\/a>\n\t\t\t<\/span><\/figure><figure class='gallery-item'>\n\t\t\t<span class='gallery-icon'>\n\t\t\t\t<a rel='attachment' href='https:\/\/www.woassteh.com\/files\/wp-content\/uploads\/2013\/08\/speckplatte.jpg'><img loading=\"lazy\" decoding=\"async\" width=\"150\" height=\"150\" src=\"https:\/\/www.woassteh.com\/files\/wp-content\/uploads\/2013\/08\/speckplatte-150x150.jpg\" class=\"attachment-thumbnail size-thumbnail\" alt=\"\" srcset=\"https:\/\/www.woassteh.com\/files\/wp-content\/uploads\/2013\/08\/speckplatte-150x150.jpg 150w, https:\/\/www.woassteh.com\/files\/wp-content\/uploads\/2013\/08\/speckplatte-432x432.jpg 432w, https:\/\/www.woassteh.com\/files\/wp-content\/uploads\/2013\/08\/speckplatte-268x268.jpg 268w\" sizes=\"auto, (max-width: 150px) 100vw, 150px\" \/><\/a>\n\t\t\t<\/span><\/figure><br style=\"clear: both\" \/><figure class='gallery-item'>\n\t\t\t<span class='gallery-icon'>\n\t\t\t\t<a rel='attachment' href='https:\/\/www.woassteh.com\/files\/wp-content\/uploads\/2013\/08\/wurst-kaese2.jpg'><img loading=\"lazy\" decoding=\"async\" width=\"150\" height=\"150\" src=\"https:\/\/www.woassteh.com\/files\/wp-content\/uploads\/2013\/08\/wurst-kaese2-150x150.jpg\" class=\"attachment-thumbnail size-thumbnail\" alt=\"\" srcset=\"https:\/\/www.woassteh.com\/files\/wp-content\/uploads\/2013\/08\/wurst-kaese2-150x150.jpg 150w, https:\/\/www.woassteh.com\/files\/wp-content\/uploads\/2013\/08\/wurst-kaese2-300x300.jpg 300w, https:\/\/www.woassteh.com\/files\/wp-content\/uploads\/2013\/08\/wurst-kaese2-700x700.jpg 700w, https:\/\/www.woassteh.com\/files\/wp-content\/uploads\/2013\/08\/wurst-kaese2-332x332.jpg 332w, https:\/\/www.woassteh.com\/files\/wp-content\/uploads\/2013\/08\/wurst-kaese2-432x432.jpg 432w, https:\/\/www.woassteh.com\/files\/wp-content\/uploads\/2013\/08\/wurst-kaese2-268x268.jpg 268w, https:\/\/www.woassteh.com\/files\/wp-content\/uploads\/2013\/08\/wurst-kaese2.jpg 1000w\" sizes=\"auto, (max-width: 150px) 100vw, 150px\" \/><\/a>\n\t\t\t<\/span><\/figure><figure class='gallery-item'>\n\t\t\t<span class='gallery-icon'>\n\t\t\t\t<a rel='attachment' href='https:\/\/www.woassteh.com\/files\/wp-content\/uploads\/2013\/08\/wein-selektion.jpg'><img loading=\"lazy\" decoding=\"async\" width=\"150\" height=\"150\" src=\"https:\/\/www.woassteh.com\/files\/wp-content\/uploads\/2013\/08\/wein-selektion-150x150.jpg\" class=\"attachment-thumbnail size-thumbnail\" alt=\"\" srcset=\"https:\/\/www.woassteh.com\/files\/wp-content\/uploads\/2013\/08\/wein-selektion-150x150.jpg 150w, https:\/\/www.woassteh.com\/files\/wp-content\/uploads\/2013\/08\/wein-selektion-432x432.jpg 432w, https:\/\/www.woassteh.com\/files\/wp-content\/uploads\/2013\/08\/wein-selektion-268x268.jpg 268w\" sizes=\"auto, (max-width: 150px) 100vw, 150px\" \/><\/a>\n\t\t\t<\/span><\/figure><figure class='gallery-item'>\n\t\t\t<span class='gallery-icon'>\n\t\t\t\t<a rel='attachment' href='https:\/\/www.woassteh.com\/files\/wp-content\/uploads\/2013\/08\/teller-gemischt.jpg'><img loading=\"lazy\" decoding=\"async\" width=\"150\" height=\"150\" src=\"https:\/\/www.woassteh.com\/files\/wp-content\/uploads\/2013\/08\/teller-gemischt-150x150.jpg\" class=\"attachment-thumbnail size-thumbnail\" alt=\"\" srcset=\"https:\/\/www.woassteh.com\/files\/wp-content\/uploads\/2013\/08\/teller-gemischt-150x150.jpg 150w, https:\/\/www.woassteh.com\/files\/wp-content\/uploads\/2013\/08\/teller-gemischt-432x432.jpg 432w, https:\/\/www.woassteh.com\/files\/wp-content\/uploads\/2013\/08\/teller-gemischt-268x268.jpg 268w\" sizes=\"auto, (max-width: 150px) 100vw, 150px\" \/><\/a>\n\t\t\t<\/span><\/figure><figure class='gallery-item'>\n\t\t\t<span class='gallery-icon'>\n\t\t\t\t<a rel='attachment' href='https:\/\/www.woassteh.com\/files\/wp-content\/uploads\/2013\/08\/platte-wein.jpg'><img loading=\"lazy\" decoding=\"async\" width=\"150\" height=\"150\" src=\"https:\/\/www.woassteh.com\/files\/wp-content\/uploads\/2013\/08\/platte-wein-150x150.jpg\" class=\"attachment-thumbnail size-thumbnail\" alt=\"\" srcset=\"https:\/\/www.woassteh.com\/files\/wp-content\/uploads\/2013\/08\/platte-wein-150x150.jpg 150w, https:\/\/www.woassteh.com\/files\/wp-content\/uploads\/2013\/08\/platte-wein-432x432.jpg 432w, https:\/\/www.woassteh.com\/files\/wp-content\/uploads\/2013\/08\/platte-wein-268x268.jpg 268w\" sizes=\"auto, (max-width: 150px) 100vw, 150px\" \/><\/a>\n\t\t\t<\/span><\/figure><br style=\"clear: both\" \/><figure class='gallery-item'>\n\t\t\t<span class='gallery-icon'>\n\t\t\t\t<a rel='attachment' href='https:\/\/www.woassteh.com\/files\/wp-content\/uploads\/2013\/08\/kaeseteller.jpg'><img loading=\"lazy\" decoding=\"async\" width=\"150\" height=\"150\" src=\"https:\/\/www.woassteh.com\/files\/wp-content\/uploads\/2013\/08\/kaeseteller-150x150.jpg\" class=\"attachment-thumbnail size-thumbnail\" alt=\"\" srcset=\"https:\/\/www.woassteh.com\/files\/wp-content\/uploads\/2013\/08\/kaeseteller-150x150.jpg 150w, https:\/\/www.woassteh.com\/files\/wp-content\/uploads\/2013\/08\/kaeseteller-300x300.jpg 300w, https:\/\/www.woassteh.com\/files\/wp-content\/uploads\/2013\/08\/kaeseteller-700x700.jpg 700w, https:\/\/www.woassteh.com\/files\/wp-content\/uploads\/2013\/08\/kaeseteller-332x332.jpg 332w, https:\/\/www.woassteh.com\/files\/wp-content\/uploads\/2013\/08\/kaeseteller-432x432.jpg 432w, https:\/\/www.woassteh.com\/files\/wp-content\/uploads\/2013\/08\/kaeseteller-268x268.jpg 268w, https:\/\/www.woassteh.com\/files\/wp-content\/uploads\/2013\/08\/kaeseteller.jpg 1000w\" sizes=\"auto, (max-width: 150px) 100vw, 150px\" \/><\/a>\n\t\t\t<\/span><\/figure><figure class='gallery-item'>\n\t\t\t<span class='gallery-icon'>\n\t\t\t\t<a rel='attachment' href='https:\/\/www.woassteh.com\/files\/wp-content\/uploads\/2013\/08\/fischteller1.jpg'><img loading=\"lazy\" decoding=\"async\" width=\"150\" height=\"150\" src=\"https:\/\/www.woassteh.com\/files\/wp-content\/uploads\/2013\/08\/fischteller1-150x150.jpg\" class=\"attachment-thumbnail size-thumbnail\" alt=\"\" srcset=\"https:\/\/www.woassteh.com\/files\/wp-content\/uploads\/2013\/08\/fischteller1-150x150.jpg 150w, https:\/\/www.woassteh.com\/files\/wp-content\/uploads\/2013\/08\/fischteller1-300x300.jpg 300w, https:\/\/www.woassteh.com\/files\/wp-content\/uploads\/2013\/08\/fischteller1-700x700.jpg 700w, https:\/\/www.woassteh.com\/files\/wp-content\/uploads\/2013\/08\/fischteller1-332x332.jpg 332w, https:\/\/www.woassteh.com\/files\/wp-content\/uploads\/2013\/08\/fischteller1-432x432.jpg 432w, https:\/\/www.woassteh.com\/files\/wp-content\/uploads\/2013\/08\/fischteller1-268x268.jpg 268w, https:\/\/www.woassteh.com\/files\/wp-content\/uploads\/2013\/08\/fischteller1.jpg 1000w\" sizes=\"auto, (max-width: 150px) 100vw, 150px\" \/><\/a>\n\t\t\t<\/span><\/figure>\n\t\t\t<div class='clear'><\/div>\n\t\t<\/div>\n\n<p><strong>ESSEN UND TRINKEN &#8230;<\/strong><\/p>\n<p>&#8230; h\u00e4lt Leib und Seele zusammen &#8230; Ist diese Phrase der Wunderlichen Gastronomie w\u00fcrdig?\u00a0 &#8230; Ja, denn sie beschreibt exakt eine essentielle Notwendigkeit des Wunderlichen Gesamtkonzeptes. Wenn Sigi Zimmerschied sich auf der B\u00fchne aufarbeitet, der Gitarrenzauberer Al Di Meola Sie auf virtuose musiklaische H\u00f6henfl\u00fcge entf\u00fchrt, oder Gerhard Polt bitters\u00fc\u00dfe Pointen abfeuert, dann sorgen ein gutes Glaserl Wein und kleine kulinarische K\u00f6stlichkeiten wieder f\u00fcr die entsprechende Bodenhaftung. Besonders auch wenn Ludwig M\u00fcller wieder einmal die Lachmuskeln bis aufs \u00c4u\u00dferste strapaziert hat. Ganz zu schweigen, von den anderen Highlights in dieser Saison 2014. Gut also, wenn das \u201cK\u00fcchenteam\u201d der Wunderlichen Kulturtage mit der Zeit immer wichtiger geworden ist und Sie mit der liebevollen Zubereitung kulinarischer \u00dcberraschungen und edlen Tropfen verw\u00f6hnt. Eine \u00d6sterreichpremiere und f\u00fcnf Tirolpremieren wollen schlie\u00dflich angemessen verdaut werden. Kunst vom Feinsten und kreative Kulinarik: Das passt zusammen. So soll es sein. Wohl bekomm\u2019s!<\/p>\n<p>Bar und Buffet jeweils ab 19 Uhr, w\u00e4hrend der Pausen und nach der Vorstellung ge\u00f6ffnet!<\/p>\n<div class=\"shariff shariff-align-flex-start shariff-widget-align-flex-start\" data-services=\"facebook\" data-url=\"https%3A%2F%2Fwww.woassteh.com%2Ffiles%2Fkulturverein-wunderlich%2F\" data-timestamp=\"1417706786\" data-backendurl=\"https:\/\/www.woassteh.com\/files\/wp-json\/shariff\/v1\/share_counts?\"><ul class=\"shariff-buttons theme-default orientation-horizontal buttonsize-medium\"><li class=\"shariff-button facebook shariff-nocustomcolor\" style=\"background-color:#4273c8\"><a href=\"https:\/\/www.facebook.com\/sharer\/sharer.php?u=https%3A%2F%2Fwww.woassteh.com%2Ffiles%2Fkulturverein-wunderlich%2F\" title=\"Bei Facebook teilen\" aria-label=\"Bei Facebook teilen\" role=\"button\" rel=\"nofollow\" class=\"shariff-link\" style=\"; background-color:#3b5998; color:#fff\" target=\"_blank\"><span class=\"shariff-icon\" style=\"\"><svg width=\"32px\" height=\"20px\" xmlns=\"http:\/\/www.w3.org\/2000\/svg\" viewBox=\"0 0 18 32\"><path fill=\"#3b5998\" d=\"M17.1 0.2v4.7h-2.8q-1.5 0-2.1 0.6t-0.5 1.9v3.4h5.2l-0.7 5.3h-4.5v13.6h-5.5v-13.6h-4.5v-5.3h4.5v-3.9q0-3.3 1.9-5.2t5-1.8q2.6 0 4.1 0.2z\"\/><\/svg><\/span><span class=\"shariff-text\">teilen<\/span>&nbsp;<\/a><\/li><\/ul><\/div>","protected":false},"excerpt":{"rendered":"<p>ESSEN UND TRINKEN &#8230; &#8230; h\u00e4lt Leib und Seele zusammen &#8230; Ist diese Phrase der Wunderlichen Gastronomie w\u00fcrdig?\u00a0 &#8230; Ja, denn sie beschreibt exakt eine essentielle Notwendigkeit des Wunderlichen Gesamtkonzeptes. Wenn Sigi Zimmerschied sich auf der B\u00fchne aufarbeitet, der Gitarrenzauberer Al Di Meola Sie auf virtuose musiklaische H\u00f6henfl\u00fcge entf\u00fchrt, oder &#8230;<\/p>\n","protected":false},"author":1,"featured_media":0,"parent":0,"menu_order":0,"comment_status":"closed","ping_status":"open","template":"","meta":{"footnotes":""},"class_list":["post-16","page","type-page","status-publish","hentry","column","threecol"],"yoast_head":"<!-- This site is optimized with the Yoast SEO plugin v27.0 - https:\/\/yoast.com\/product\/yoast-seo-wordpress\/ -->\n<title>Kulinarium - Kulturverein Wunderlich, Kufstein, Tirol, Kabarett, Konzerte<\/title>\n<meta name=\"robots\" content=\"index, follow, max-snippet:-1, max-image-preview:large, max-video-preview:-1\" \/>\n<link rel=\"canonical\" href=\"https:\/\/www.woassteh.com\/files\/kulturverein-wunderlich\/\" \/>\n<meta name=\"twitter:label1\" content=\"Gesch\u00e4tzte Lesezeit\" \/>\n\t<meta name=\"twitter:data1\" content=\"1\u00a0Minute\" \/>\n<script type=\"application\/ld+json\" class=\"yoast-schema-graph\">{\"@context\":\"https:\/\/schema.org\",\"@graph\":[{\"@type\":\"WebPage\",\"@id\":\"https:\/\/www.woassteh.com\/files\/kulturverein-wunderlich\/\",\"url\":\"https:\/\/www.woassteh.com\/files\/kulturverein-wunderlich\/\",\"name\":\"Kulinarium - Kulturverein Wunderlich, Kufstein, Tirol, Kabarett, Konzerte\",\"isPartOf\":{\"@id\":\"https:\/\/www.woassteh.com\/files\/#website\"},\"datePublished\":\"2013-08-27T06:07:29+00:00\",\"dateModified\":\"2014-12-04T13:26:26+00:00\",\"breadcrumb\":{\"@id\":\"https:\/\/www.woassteh.com\/files\/kulturverein-wunderlich\/#breadcrumb\"},\"inLanguage\":\"de\",\"potentialAction\":[{\"@type\":\"ReadAction\",\"target\":[\"https:\/\/www.woassteh.com\/files\/kulturverein-wunderlich\/\"]}]},{\"@type\":\"BreadcrumbList\",\"@id\":\"https:\/\/www.woassteh.com\/files\/kulturverein-wunderlich\/#breadcrumb\",\"itemListElement\":[{\"@type\":\"ListItem\",\"position\":1,\"name\":\"Home\",\"item\":\"https:\/\/www.woassteh.com\/files\/\"},{\"@type\":\"ListItem\",\"position\":2,\"name\":\"Kulinarium\"}]},{\"@type\":\"WebSite\",\"@id\":\"https:\/\/www.woassteh.com\/files\/#website\",\"url\":\"https:\/\/www.woassteh.com\/files\/\",\"name\":\"Kulturverein Wunderlich\",\"description\":\"\",\"potentialAction\":[{\"@type\":\"SearchAction\",\"target\":{\"@type\":\"EntryPoint\",\"urlTemplate\":\"https:\/\/www.woassteh.com\/files\/?s={search_term_string}\"},\"query-input\":{\"@type\":\"PropertyValueSpecification\",\"valueRequired\":true,\"valueName\":\"search_term_string\"}}],\"inLanguage\":\"de\"}]}<\/script>\n<!-- \/ Yoast SEO plugin. -->","yoast_head_json":{"title":"Kulinarium - Kulturverein Wunderlich, Kufstein, Tirol, Kabarett, Konzerte","robots":{"index":"index","follow":"follow","max-snippet":"max-snippet:-1","max-image-preview":"max-image-preview:large","max-video-preview":"max-video-preview:-1"},"canonical":"https:\/\/www.woassteh.com\/files\/kulturverein-wunderlich\/","twitter_misc":{"Gesch\u00e4tzte Lesezeit":"1\u00a0Minute"},"schema":{"@context":"https:\/\/schema.org","@graph":[{"@type":"WebPage","@id":"https:\/\/www.woassteh.com\/files\/kulturverein-wunderlich\/","url":"https:\/\/www.woassteh.com\/files\/kulturverein-wunderlich\/","name":"Kulinarium - Kulturverein Wunderlich, Kufstein, Tirol, Kabarett, Konzerte","isPartOf":{"@id":"https:\/\/www.woassteh.com\/files\/#website"},"datePublished":"2013-08-27T06:07:29+00:00","dateModified":"2014-12-04T13:26:26+00:00","breadcrumb":{"@id":"https:\/\/www.woassteh.com\/files\/kulturverein-wunderlich\/#breadcrumb"},"inLanguage":"de","potentialAction":[{"@type":"ReadAction","target":["https:\/\/www.woassteh.com\/files\/kulturverein-wunderlich\/"]}]},{"@type":"BreadcrumbList","@id":"https:\/\/www.woassteh.com\/files\/kulturverein-wunderlich\/#breadcrumb","itemListElement":[{"@type":"ListItem","position":1,"name":"Home","item":"https:\/\/www.woassteh.com\/files\/"},{"@type":"ListItem","position":2,"name":"Kulinarium"}]},{"@type":"WebSite","@id":"https:\/\/www.woassteh.com\/files\/#website","url":"https:\/\/www.woassteh.com\/files\/","name":"Kulturverein Wunderlich","description":"","potentialAction":[{"@type":"SearchAction","target":{"@type":"EntryPoint","urlTemplate":"https:\/\/www.woassteh.com\/files\/?s={search_term_string}"},"query-input":{"@type":"PropertyValueSpecification","valueRequired":true,"valueName":"search_term_string"}}],"inLanguage":"de"}]}},"_links":{"self":[{"href":"https:\/\/www.woassteh.com\/files\/wp-json\/wp\/v2\/pages\/16","targetHints":{"allow":["GET"]}}],"collection":[{"href":"https:\/\/www.woassteh.com\/files\/wp-json\/wp\/v2\/pages"}],"about":[{"href":"https:\/\/www.woassteh.com\/files\/wp-json\/wp\/v2\/types\/page"}],"author":[{"embeddable":true,"href":"https:\/\/www.woassteh.com\/files\/wp-json\/wp\/v2\/users\/1"}],"replies":[{"embeddable":true,"href":"https:\/\/www.woassteh.com\/files\/wp-json\/wp\/v2\/comments?post=16"}],"version-history":[{"count":9,"href":"https:\/\/www.woassteh.com\/files\/wp-json\/wp\/v2\/pages\/16\/revisions"}],"predecessor-version":[{"id":389,"href":"https:\/\/www.woassteh.com\/files\/wp-json\/wp\/v2\/pages\/16\/revisions\/389"}],"wp:attachment":[{"href":"https:\/\/www.woassteh.com\/files\/wp-json\/wp\/v2\/media?parent=16"}],"curies":[{"name":"wp","href":"https:\/\/api.w.org\/{rel}","templated":true}]}}